{"id":348,"date":"2022-09-19T12:07:45","date_gmt":"2022-09-19T10:07:45","guid":{"rendered":"https:\/\/doggysport85.com\/?page_id=348"},"modified":"2025-11-28T10:47:37","modified_gmt":"2025-11-28T09:47:37","slug":"cours-particuliers","status":"publish","type":"page","link":"https:\/\/doggysport85.com\/index.php\/cours-particuliers\/","title":{"rendered":"Cours particuliers"},"content":{"rendered":"\t\t<div data-elementor-type=\"wp-page\" data-elementor-id=\"348\" class=\"elementor elementor-348\">\n\t\t\t\t<div class=\"elementor-element elementor-element-21d7eba6 e-flex e-con-boxed e-con e-parent\" data-id=\"21d7eba6\" data-element_type=\"container\">\n\t\t\t\t\t<div class=\"e-con-inner\">\n\t\t\t\t<div class=\"elementor-element elementor-element-5afa721f elementor-widget elementor-widget-text-editor\" data-id=\"5afa721f\" data-element_type=\"widget\" data-widget_type=\"text-editor.default\">\n\t\t\t\t\t\t\t\t\t\n<p>En tant qu&rsquo;\u00e9ducateur sportif, je vous propose diff\u00e9rentes s\u00e9ances pour apprendre les bases des sports canins avec votre compagnon \u00e0 4 pattes. Je m&rsquo;adapte \u00e0 vos demandes et aux besoins de v\u00f4tre bin\u00f4me.<\/p>\n\n<figure class=\"wp-block-table is-style-stripes\">\n<table>\n<tbody>\n<tr>\n<td><img decoding=\"async\" src=\"https:\/\/static.xx.fbcdn.net\/images\/emoji.php\/v9\/t8e\/1\/16\/2139.png\" alt=\"\u2139\ufe0f\" width=\"16\" height=\"16\" \/><strong>COURS PARTICULIERS<\/strong><\/td>\n<td><strong>SEANCE 1H = 40\u20ac<\/strong><\/td>\n<\/tr>\n<tr>\n<td>\u00a0<\/td>\n<td><strong>CARTE DE 10 SEANCES = 380\u20ac<\/strong><\/td>\n<\/tr>\n<\/tbody>\n<\/table>\n<figcaption class=\"wp-element-caption\"><strong>Cani randonn\u00e9e, canicross ou encore cani VTT\/ Trottinette\/ Attelage sont propos\u00e9s, avec des s\u00e9ances progressives et r\u00e9fl\u00e9chies o\u00f9 vous pourrez par exemple aborder la traction, les directions, les d\u00e9passements&#8230;<\/strong><\/figcaption>\n<\/figure>\n<div class=\"wp-block-image\">\n<figure class=\"aligncenter size-large\"><img fetchpriority=\"high\" decoding=\"async\" width=\"764\" height=\"1024\" class=\"wp-image-239\" src=\"https:\/\/doggysport85.com\/wp-content\/uploads\/2022\/08\/received_349418649662727-764x1024.jpeg\" alt=\"\" srcset=\"https:\/\/doggysport85.com\/wp-content\/uploads\/2022\/08\/received_349418649662727-764x1024.jpeg 764w, https:\/\/doggysport85.com\/wp-content\/uploads\/2022\/08\/received_349418649662727-224x300.jpeg 224w, https:\/\/doggysport85.com\/wp-content\/uploads\/2022\/08\/received_349418649662727-768x1029.jpeg 768w, https:\/\/doggysport85.com\/wp-content\/uploads\/2022\/08\/received_349418649662727-1146x1536.jpeg 1146w, https:\/\/doggysport85.com\/wp-content\/uploads\/2022\/08\/received_349418649662727.jpeg 1504w\" sizes=\"(max-width: 764px) 100vw, 764px\" \/>\n<figcaption class=\"wp-element-caption\">Apprentissage de Morgane L au Canicross!<\/figcaption>\n<\/figure>\n<\/div>\t\t\t\t\t\t\t\t<\/div>\n\t\t\t\t\t<\/div>\n\t\t\t\t<\/div>\n\t\t\t\t<\/div>\n\t\t","protected":false},"excerpt":{"rendered":"<p>En tant qu&rsquo;\u00e9ducateur sportif, je vous propose diff\u00e9rentes s\u00e9ances pour apprendre les bases des sports canins avec votre compagnon \u00e0 4 pattes. Je m&rsquo;adapte \u00e0 vos demandes et aux besoins de v\u00f4tre bin\u00f4me. COURS PARTICULIERS SEANCE 1H = 40\u20ac \u00a0 CARTE DE 10 SEANCES = 380\u20ac Cani randonn\u00e9e, canicross ou encore cani VTT\/ Trottinette\/ Attelage&#8230;<\/p>\n","protected":false},"author":1,"featured_media":0,"parent":0,"menu_order":0,"comment_status":"closed","ping_status":"closed","template":"","meta":{"_kadence_starter_templates_imported_post":false,"_kad_post_transparent":"","_kad_post_title":"","_kad_post_layout":"","_kad_post_sidebar_id":"","_kad_post_content_style":"","_kad_post_vertical_padding":"","_kad_post_feature":"","_kad_post_feature_position":"","_kad_post_header":false,"_kad_post_footer":false,"_kad_post_classname":"","footnotes":""},"class_list":["post-348","page","type-page","status-publish","hentry"],"_links":{"self":[{"href":"https:\/\/doggysport85.com\/index.php\/wp-json\/wp\/v2\/pages\/348","targetHints":{"allow":["GET"]}}],"collection":[{"href":"https:\/\/doggysport85.com\/index.php\/wp-json\/wp\/v2\/pages"}],"about":[{"href":"https:\/\/doggysport85.com\/index.php\/wp-json\/wp\/v2\/types\/page"}],"author":[{"embeddable":true,"href":"https:\/\/doggysport85.com\/index.php\/wp-json\/wp\/v2\/users\/1"}],"replies":[{"embeddable":true,"href":"https:\/\/doggysport85.com\/index.php\/wp-json\/wp\/v2\/comments?post=348"}],"version-history":[{"count":13,"href":"https:\/\/doggysport85.com\/index.php\/wp-json\/wp\/v2\/pages\/348\/revisions"}],"predecessor-version":[{"id":1060,"href":"https:\/\/doggysport85.com\/index.php\/wp-json\/wp\/v2\/pages\/348\/revisions\/1060"}],"wp:attachment":[{"href":"https:\/\/doggysport85.com\/index.php\/wp-json\/wp\/v2\/media?parent=348"}],"curies":[{"name":"wp","href":"https:\/\/api.w.org\/{rel}","templated":true}]}}